 greatest common divisor of 64 and 1216.
64
Calculate the greatest common divisor of 312 and 1794.
78
Calculate the greatest common factor of 31 and 1271.
31
What is the greatest common factor of 10 and 5410?
10
What is the greatest common factor of 25 and 2425?
25
What is the highest common divisor of 240 and 90?
30
What is the highest common factor of 26 and 10?
2
What is the greatest common divisor of 4165 and 294?
49
Calculate the greatest common factor of 498 and 3.
3
What is the greatest common factor of 22606 and 127?
127
What is the greatest common factor of 3 and 177?
3
Calculate the greatest common factor of 104 and 702.
26
Calculate the highest common factor of 402 and 36.
6
What is the highest common divisor of 18 and 171?
9
What is the highest common factor of 75 and 135?
15
What is the greatest common divisor of 2211 and 33?
33
Calculate the greatest common divisor of 2482 and 646.
34
Calculate the highest common factor of 2 and 2.
2
What is the greatest common factor of 1519 and 62?
31
What is the greatest common divisor of 17 and 2567?
17
What is the highest common divisor of 24 and 216?
24
Calculate the greatest common factor of 1700 and 75.
25
Calculate the highest common divisor of 66 and 6.
6
What is the highest common factor of 49 and 7497?
49
Calculate the greatest common divisor of 4 and 2986.
2
Calculate the greatest common factor of 15 and 4665.
15
What is the highest common divisor of 6858 and 127?
127
What is the greatest common divisor of 14129 and 199?
199
Calculate the greatest common factor of 6 and 34.
2
Calculate the highest common divisor of 22 and 17248.
22
Calculate the highest common factor of 1333 and 31.
31
Calculate the highest common factor of 1012 and 44.
44
What is the greatest common factor of 3600 and 104?
8
Calculate the highest common factor of 1260 and 165.
15
What is the highest common divisor of 4 and 82?
2
What is the highest common divisor of 1073 and 232?
29
What is the greatest common divisor of 5490 and 50?
10
Calculate the greatest common divisor of 156 and 96.
12
What is the highest common factor of 808 and 344?
8
What is the highest common factor of 4364 and 4?
4
Calculate the highest common divisor of 4182 and 408.
102
Calculate the highest common divisor of 1375 and 440.
55
Calculate the highest common divisor of 7641 and 3679.
283
Calculate the greatest common divisor of 85 and 289.
17
Calculate the greatest common factor of 15 and 270.
15
Calculate the greatest common divisor of 30 and 465.
15
Calculate the highest common divisor of 7 and 581.
7
Calculate the highest common factor of 195 and 345.
15
What is the highest common divisor of 2 and 146?
2
Calculate the greatest common factor of 69 and 33.
3
Calculate the highest common divisor of 16014 and 102.
102
What is the highest common factor of 171 and 59850?
171
What is the highest common divisor of 13 and 3328?
13
What is the greatest common factor of 220 and 13530?
110
What is the highest common factor of 4 and 214?
2
Calculate the greatest common divisor of 1891 and 31.
31
What is the greatest common factor of 61 and 11651?
61
What is the greatest common divisor of 55 and 121?
11
What is the greatest common divisor of 20 and 1420?
20
Calculate the greatest common factor of 952 and 102.
34
What is the highest common factor of 56 and 10696?
56
What is the highest common factor of 13735 and 410?
205
Calculate the greatest common factor of 1179 and 36.
9
Calculate the greatest common divisor of 142 and 2.
2
Calculate the highest common divisor of 11 and 57541.
11
What is the highest common factor of 3465 and 35?
35
What is the highest common divisor of 108 and 27?
27
What is the greatest common divisor of 288 and 36?
36
What is the highest common divisor of 32339 and 73?
73
What is the greatest common divisor of 364 and 156?
52
Calculate the highest common divisor of 8295 and 105.
105
Calculate the highest common divisor of 138 and 24.
6
Calculate the highest common divisor of 324 and 2304.
36
What is the greatest common divisor of 36089 and 151?
151
Calculate the greatest common divisor of 17 and 153.
17
What is the greatest common factor of 3129 and 14?
7
Calculate the greatest common divisor of 18 and 738.
18
Calculate the highest common divisor of 592 and 32.
16
What is the greatest common factor of 2537 and 172?
43
What is the highest common divisor of 174 and 493?
29
Calculate the greatest common divisor of 669 and 30551.
223
What is the greatest common divisor of 159 and 7897?
53
What is the highest common factor of 250 and 170?
10
What is the greatest common factor of 340 and 884?
68
What is the greatest common divisor of 153 and 1020?
51
Calculate the highest common factor of 3808 and 96.
32
What is the greatest common divisor of 341 and 55?
11
What is the greatest common factor of 189 and 27?
27
Calculate the highest common divisor of 16 and 848.
16
Calculate the greatest common divisor of 129 and 215.
43
Calculate the greatest common divisor of 1012 and 5324.
44
Calculate the highest common factor of 90 and 390.
30
Calculate the highest common divisor of 16756 and 236.
236
Calculate the greatest common divisor of 975 and 825.
75
What is the greatest common factor of 2815 and 10?
5
What is the greatest common divisor of 46 and 230?
46
What is the highest common divisor of 44 and 1364?
44
What is the highest common factor of 138 and 1334?
46
What is the greatest common factor of 1296 and 2187?
81
Calculate the greatest common divisor of 130 and 455.
65
What is the greatest common divisor of 19 and 437?
19
Calculate the highest common factor of 2107 and 147.
49
Calculate the highest common factor of 1152 and 4.
4
Calculate the highest common divisor of 3484 and 260.
52
Calculate the greatest common divisor of 3332 and 4.
4
What is the highest common divisor of 162 and 27?
27
What is the highest common divisor of 725 and 58?
29
What is the greatest common factor of 15 and 535?
5
What is the highest common divisor of 18 and 9?
9
What is the highest common divisor of 8 and 184?
8
Calculate the greatest common divisor of 9460 and 5590.
430
Calculate the highest common divisor of 388 and 4462.
194
Calculate the highest common factor of 15 and 30.
15
What is the highest common factor of 9 and 9522?
9
What is the highest common divisor of 87 and 3654?
87
What is the greatest common divisor of 756 and 1728?
108
What is the greatest common divisor of 576 and 104?
8
Calculate the greatest common divisor of 7 and 21.
7
Calculate the greatest common factor of 96 and 9456.
48
Calculate the highest common factor of 330 and 20.
10
Calculate the highest common divisor of 9102 and 148.
74
What is the highest common divisor of 94332 and 84?
84
What is the greatest common factor of 34599 and 114?
57
What is the highest common factor of 126 and 1098?
18
What is the greatest common divisor of 81 and 1089?
9
What is the greatest common factor of 296 and 3404?
148
What is the greatest common factor of 11370 and 30?
30
What is the greatest common divisor of 226 and 8701?
113
What is the greatest common factor of 2028 and 36?
12
Calculate the highest common divisor of 8 and 20.
4
Calculate the greatest common divisor of 8814 and 78.
78
What is the highest common divisor of 513 and 8037?
171
What is the greatest common divisor of 129 and 3?
3
Calculate the greatest common divisor of 236 and 2950.
118
What is the highest common divisor of 243 and 54?
27
What is the greatest common factor of 2853 and 81?
9
Calculate the greatest common factor of 256 and 2944.
128
What is the highest common divisor of 174 and 13137?
87
What is the highest common factor of 2322 and 162?
54
Calculate the greatest common divisor of 19112 and 8.
8
What is the highest common factor of 209 and 22?
11
Calculate the highest common divisor of 1856 and 290.
58
What is the highest common divisor of 1353 and 33?
33
What is the highest common divisor of 57 and 39?
3
What is the highest common factor of 366 and 726?
6
Calculate the highest common divisor of 21 and 123.
3
What is the greatest common factor of 26 and 169?
13
What is the highest common factor of 9 and 189?
9
Calculate the greatest common divisor of 1075 and 1763.
43
What is the greatest common divisor of 1838 and 